{"id":1076,"date":"2014-07-09T16:04:43","date_gmt":"2014-07-09T14:04:43","guid":{"rendered":"http:\/\/edelweiss.korpak.hu\/?page_id=1076"},"modified":"2024-06-24T14:32:59","modified_gmt":"2024-06-24T12:32:59","slug":"hazirend","status":"publish","type":"page","link":"https:\/\/www.appartement-edelweiss.at\/de\/hazirend\/","title":{"rendered":"Hausordnung"},"content":{"rendered":"<div id='av_section_1'  class='avia-section av-av_section-165c0617e87eade0260fece3f84a51c9 main_color avia-section-default avia-no-shadow  avia-builder-el-0  avia-builder-el-no-sibling  avia-bg-style-scroll container_wrap fullsize'  ><div class='container av-section-cont-open' ><main  role=\"main\" itemprop=\"mainContentOfPage\"  class='template-page content  av-content-full alpha units'><div class='post-entry post-entry-type-page post-entry-1076'><div class='entry-content-wrapper clearfix'>\n\n<style type=\"text\/css\" data-created_by=\"avia_inline_auto\" id=\"style-css-av-ltu605ez-67f69cc54185406bc085ba878c5c45f8\">\n#top .av-special-heading.av-ltu605ez-67f69cc54185406bc085ba878c5c45f8{\npadding-bottom:25px;\n}\nbody .av-special-heading.av-ltu605ez-67f69cc54185406bc085ba878c5c45f8 .av-special-heading-tag .heading-char{\nfont-size:25px;\n}\n.av-special-heading.av-ltu605ez-67f69cc54185406bc085ba878c5c45f8 .av-subheading{\nfont-size:15px;\n}\n<\/style>\n<div  class='av-special-heading av-ltu605ez-67f69cc54185406bc085ba878c5c45f8 av-special-heading-h2 blockquote modern-quote modern-centered  avia-builder-el-1  el_before_av_one_full  avia-builder-el-first '><h2 class='av-special-heading-tag'  itemprop=\"headline\"  >Hausordnung<\/h2><div class=\"special-heading-border\"><div class=\"special-heading-inner-border\"><\/div><\/div><\/div>\n<div  class='flex_column av-av_one_full-516b7eac7a9c6cd1b746245801c7486c av_one_full  avia-builder-el-2  el_after_av_heading  avia-builder-el-last  first flex_column_div  '     ><section  class='av_textblock_section av-zgeq-a0718ba03213976d26cee148602954b9 '   itemscope=\"itemscope\" itemtype=\"https:\/\/schema.org\/CreativeWork\" ><div class='avia_textblock'  itemprop=\"text\" ><p>Liebe G\u00e4ste,<\/p>\n<p>um Ihren Aufenthalt im Appartemet-Edeelweiss so angenehm wie m\u00f6glich zu gestalten, bitten wir Sie, die nachfolgende Hausordnung zu beachten und an alle Mitreisenden weiterzugeben:<\/p>\n<p><strong>Nachtruhe:<\/strong><\/p>\n<ul>\n<li>ab 22 Uhr ist in allen Zimmern die Zimmerlautst\u00e4rke einzuhalten.<\/li>\n<li>Beim Verlassen und Zur\u00fcckkommen ins Appartementhaus ist nach 22 Uhr aus R\u00fccksicht auf die anderen G\u00e4ste jeglicher L\u00e4rm zu vermeiden.<\/li>\n<li>Das Appartement erwartet einen respektvollen Umgang mit anderen G\u00e4sten, Anwohnern und dem Personal.<\/li>\n<\/ul>\n<p><strong>Anreise\/Abreise:<\/strong><\/p>\n<ul>\n<li>Das Zimmer steht am Anreisetag ab 14 Uhr zur Verf\u00fcgung.<\/li>\n<li>Bitte das Zimmer bis 10 Uhr r\u00e4umen und den Schl\u00fcssel bei dem Hausmeister abgeben.<\/li>\n<li>Eine Anreise vor 14Uhr bzw. nach 18 Uhr ist nur nach vorheriger Absprache m\u00f6glich. Die Rezeption ist nicht durchgehend ge\u00f6ffnet.<\/li>\n<\/ul>\n<p><strong>Haustiere:<\/strong><\/p>\n<ul>\n<li>Haustiere sind nicht erlaubt.<\/li>\n<\/ul>\n<p><strong>Rauchen:<\/strong><\/p>\n<ul>\n<li>Das Rauchen ist im gesamten Hotel nicht erlaubt<\/li>\n<\/ul>\n<p><strong>Lift:<\/strong><\/p>\n<ul>\n<li>Die Fahrt im Lift mit Ski und Skischuhe ist verboten<\/li>\n<\/ul>\n<p><strong>Sauna:<\/strong><\/p>\n<ul>\n<li>Die Sauna ist Sonntag-Donnerstag 16:30-21:00 Uhr im Betrieb<\/li>\n<li>Die Benutzung der Sauna steht grunds\u00e4tzlich jedermann frei.<\/li>\n<li>Es ist verboten in der Sauna zu essen und Alkohol zu trinken<\/li>\n<\/ul>\n<p><strong>Abfallsammlung:<\/strong><\/p>\n<ul>\n<li>Wir bitten Sie, den Abfall im M\u00fclleimer getrennt zu sammeln, bzw. wenn es n\u00f6tig ist, den Inhalt des inneren M\u00fclleimers in die \u00e4u\u00dferen selektiven M\u00fclltonnen zu leeren!<\/li>\n<\/ul>\n<p><strong>Wohnung:<\/strong><\/p>\n<ul>\n<li>Wir bitten Sie, das Appartement, seine R\u00e4umlichkeiten und Einrichtungsgegenst\u00e4nde bestimmungsgem\u00e4\u00df zu benutzten!<\/li>\n<\/ul>\n<p>Bei Schaden, der in und um unser Haus angerichtet wird haftet der Mieter. Im Falle einer nicht bestimmungsgem\u00e4\u00dfen Benutzung (Besch\u00e4digung, \u00fcberm\u00e4\u00dfige Verschmutzung, angeh\u00e4ufter M\u00fcll) wird die Kaution, oder ein Teil der Kaution zur\u00fcckgehalten.<\/p>\n<p>Vielen Dank f\u00fcr Ihre Aufmerksamkeit und die Beachtung dieser Hausordnung. Sollten Sie weitere Fragen zu Ihrem Aufenthalt haben, stehen wir Ihnen jederzeit gerne zur Verf\u00fcgung.<\/p>\n<p>Wir w\u00fcnschen Ihnen einen angenehmen Aufenthalt!<\/p>\n<p>Familie Treszner<\/p>\n<\/div><\/section><\/div>\n","protected":false},"excerpt":{"rendered":"","protected":false},"author":1,"featured_media":0,"parent":0,"menu_order":0,"comment_status":"closed","ping_status":"open","template":"","meta":{"footnotes":""},"class_list":["post-1076","page","type-page","status-publish","hentry"],"yoast_head":"<!-- This site is optimized with the Yoast SEO Premium plugin v27.5 (Yoast SEO v27.5) - https:\/\/yoast.com\/product\/yoast-seo-premium-wordpress\/ -->\n<title>Hausordnung - Edelweiss Appartements<\/title>\n<meta name=\"robots\" content=\"index, follow, max-snippet:-1, max-image-preview:large, max-video-preview:-1\" \/>\n<link rel=\"canonical\" href=\"https:\/\/www.appartement-edelweiss.at\/de\/hazirend\/\" \/>\n<meta property=\"og:locale\" content=\"de_DE\" \/>\n<meta property=\"og:type\" content=\"article\" \/>\n<meta property=\"og:title\" content=\"Hausordnung\" \/>\n<meta property=\"og:url\" content=\"https:\/\/www.appartement-edelweiss.at\/de\/hazirend\/\" \/>\n<meta property=\"og:site_name\" content=\"Edelweiss Appartements\" \/>\n<meta property=\"article:publisher\" content=\"https:\/\/www.facebook.com\/EdelweissAppartement\" \/>\n<meta property=\"article:modified_time\" content=\"2024-06-24T12:32:59+00:00\" \/>\n<meta name=\"twitter:card\" content=\"summary_large_image\" \/>\n<meta name=\"twitter:label1\" content=\"Gesch\u00e4tzte Lesezeit\" \/>\n\t<meta name=\"twitter:data1\" content=\"2\u00a0Minuten\" \/>\n<script type=\"application\/ld+json\" class=\"yoast-schema-graph\">{\"@context\":\"https:\\\/\\\/schema.org\",\"@graph\":[{\"@type\":\"WebPage\",\"@id\":\"https:\\\/\\\/www.appartement-edelweiss.at\\\/de\\\/hazirend\\\/\",\"url\":\"https:\\\/\\\/www.appartement-edelweiss.at\\\/de\\\/hazirend\\\/\",\"name\":\"Hausordnung - Edelweiss Appartements\",\"isPartOf\":{\"@id\":\"https:\\\/\\\/www.appartement-edelweiss.at\\\/#website\"},\"datePublished\":\"2014-07-09T14:04:43+00:00\",\"dateModified\":\"2024-06-24T12:32:59+00:00\",\"breadcrumb\":{\"@id\":\"https:\\\/\\\/www.appartement-edelweiss.at\\\/de\\\/hazirend\\\/#breadcrumb\"},\"inLanguage\":\"de\",\"potentialAction\":[{\"@type\":\"ReadAction\",\"target\":[\"https:\\\/\\\/www.appartement-edelweiss.at\\\/de\\\/hazirend\\\/\"]}]},{\"@type\":\"BreadcrumbList\",\"@id\":\"https:\\\/\\\/www.appartement-edelweiss.at\\\/de\\\/hazirend\\\/#breadcrumb\",\"itemListElement\":[{\"@type\":\"ListItem\",\"position\":1,\"name\":\"Kezd\u0151lap\",\"item\":\"https:\\\/\\\/www.appartement-edelweiss.at\\\/de\\\/edelweiss-appartements\\\/\"},{\"@type\":\"ListItem\",\"position\":2,\"name\":\"Hausordnung\"}]},{\"@type\":\"WebSite\",\"@id\":\"https:\\\/\\\/www.appartement-edelweiss.at\\\/#website\",\"url\":\"https:\\\/\\\/www.appartement-edelweiss.at\\\/\",\"name\":\"Edelweiss Appartements\",\"description\":\"\",\"publisher\":{\"@id\":\"https:\\\/\\\/www.appartement-edelweiss.at\\\/#organization\"},\"potentialAction\":[{\"@type\":\"SearchAction\",\"target\":{\"@type\":\"EntryPoint\",\"urlTemplate\":\"https:\\\/\\\/www.appartement-edelweiss.at\\\/?s={search_term_string}\"},\"query-input\":{\"@type\":\"PropertyValueSpecification\",\"valueRequired\":true,\"valueName\":\"search_term_string\"}}],\"inLanguage\":\"de\"},{\"@type\":\"Organization\",\"@id\":\"https:\\\/\\\/www.appartement-edelweiss.at\\\/#organization\",\"name\":\"Edelweiss Appartements\",\"url\":\"https:\\\/\\\/www.appartement-edelweiss.at\\\/\",\"logo\":{\"@type\":\"ImageObject\",\"inLanguage\":\"de\",\"@id\":\"https:\\\/\\\/www.appartement-edelweiss.at\\\/#\\\/schema\\\/logo\\\/image\\\/\",\"url\":\"https:\\\/\\\/www.appartement-edelweiss.at\\\/wp-content\\\/uploads\\\/logo-1.svg\",\"contentUrl\":\"https:\\\/\\\/www.appartement-edelweiss.at\\\/wp-content\\\/uploads\\\/logo-1.svg\",\"width\":1,\"height\":1,\"caption\":\"Edelweiss Appartements\"},\"image\":{\"@id\":\"https:\\\/\\\/www.appartement-edelweiss.at\\\/#\\\/schema\\\/logo\\\/image\\\/\"},\"sameAs\":[\"https:\\\/\\\/www.facebook.com\\\/EdelweissAppartement\"]}]}<\/script>\n<!-- \/ Yoast SEO Premium plugin. -->","yoast_head_json":{"title":"Hausordnung - Edelweiss Appartements","robots":{"index":"index","follow":"follow","max-snippet":"max-snippet:-1","max-image-preview":"max-image-preview:large","max-video-preview":"max-video-preview:-1"},"canonical":"https:\/\/www.appartement-edelweiss.at\/de\/hazirend\/","og_locale":"de_DE","og_type":"article","og_title":"Hausordnung","og_url":"https:\/\/www.appartement-edelweiss.at\/de\/hazirend\/","og_site_name":"Edelweiss Appartements","article_publisher":"https:\/\/www.facebook.com\/EdelweissAppartement","article_modified_time":"2024-06-24T12:32:59+00:00","twitter_card":"summary_large_image","twitter_misc":{"Gesch\u00e4tzte Lesezeit":"2\u00a0Minuten"},"schema":{"@context":"https:\/\/schema.org","@graph":[{"@type":"WebPage","@id":"https:\/\/www.appartement-edelweiss.at\/de\/hazirend\/","url":"https:\/\/www.appartement-edelweiss.at\/de\/hazirend\/","name":"Hausordnung - Edelweiss Appartements","isPartOf":{"@id":"https:\/\/www.appartement-edelweiss.at\/#website"},"datePublished":"2014-07-09T14:04:43+00:00","dateModified":"2024-06-24T12:32:59+00:00","breadcrumb":{"@id":"https:\/\/www.appartement-edelweiss.at\/de\/hazirend\/#breadcrumb"},"inLanguage":"de","potentialAction":[{"@type":"ReadAction","target":["https:\/\/www.appartement-edelweiss.at\/de\/hazirend\/"]}]},{"@type":"BreadcrumbList","@id":"https:\/\/www.appartement-edelweiss.at\/de\/hazirend\/#breadcrumb","itemListElement":[{"@type":"ListItem","position":1,"name":"Kezd\u0151lap","item":"https:\/\/www.appartement-edelweiss.at\/de\/edelweiss-appartements\/"},{"@type":"ListItem","position":2,"name":"Hausordnung"}]},{"@type":"WebSite","@id":"https:\/\/www.appartement-edelweiss.at\/#website","url":"https:\/\/www.appartement-edelweiss.at\/","name":"Edelweiss Appartements","description":"","publisher":{"@id":"https:\/\/www.appartement-edelweiss.at\/#organization"},"potentialAction":[{"@type":"SearchAction","target":{"@type":"EntryPoint","urlTemplate":"https:\/\/www.appartement-edelweiss.at\/?s={search_term_string}"},"query-input":{"@type":"PropertyValueSpecification","valueRequired":true,"valueName":"search_term_string"}}],"inLanguage":"de"},{"@type":"Organization","@id":"https:\/\/www.appartement-edelweiss.at\/#organization","name":"Edelweiss Appartements","url":"https:\/\/www.appartement-edelweiss.at\/","logo":{"@type":"ImageObject","inLanguage":"de","@id":"https:\/\/www.appartement-edelweiss.at\/#\/schema\/logo\/image\/","url":"https:\/\/www.appartement-edelweiss.at\/wp-content\/uploads\/logo-1.svg","contentUrl":"https:\/\/www.appartement-edelweiss.at\/wp-content\/uploads\/logo-1.svg","width":1,"height":1,"caption":"Edelweiss Appartements"},"image":{"@id":"https:\/\/www.appartement-edelweiss.at\/#\/schema\/logo\/image\/"},"sameAs":["https:\/\/www.facebook.com\/EdelweissAppartement"]}]}},"_links":{"self":[{"href":"https:\/\/www.appartement-edelweiss.at\/de\/wp-json\/wp\/v2\/pages\/1076","targetHints":{"allow":["GET"]}}],"collection":[{"href":"https:\/\/www.appartement-edelweiss.at\/de\/wp-json\/wp\/v2\/pages"}],"about":[{"href":"https:\/\/www.appartement-edelweiss.at\/de\/wp-json\/wp\/v2\/types\/page"}],"author":[{"embeddable":true,"href":"https:\/\/www.appartement-edelweiss.at\/de\/wp-json\/wp\/v2\/users\/1"}],"replies":[{"embeddable":true,"href":"https:\/\/www.appartement-edelweiss.at\/de\/wp-json\/wp\/v2\/comments?post=1076"}],"version-history":[{"count":4,"href":"https:\/\/www.appartement-edelweiss.at\/de\/wp-json\/wp\/v2\/pages\/1076\/revisions"}],"predecessor-version":[{"id":1183,"href":"https:\/\/www.appartement-edelweiss.at\/de\/wp-json\/wp\/v2\/pages\/1076\/revisions\/1183"}],"wp:attachment":[{"href":"https:\/\/www.appartement-edelweiss.at\/de\/wp-json\/wp\/v2\/media?parent=1076"}],"curies":[{"name":"wp","href":"https:\/\/api.w.org\/{rel}","templated":true}]}}

<div id='av_section_1'  class='avia-section av-av_section-165c0617e87eade0260fece3f84a51c9 main_color avia-section-default avia-no-shadow  avia-builder-el-0  avia-builder-el-no-sibling  avia-bg-style-scroll container_wrap fullsize'  ><div class='container av-section-cont-open' ><main  role="main" itemprop="mainContentOfPage"  class='template-page content  av-content-full alpha units'><div class='post-entry post-entry-type-page post-entry-1076'><div class='entry-content-wrapper clearfix'>

<style type="text/css" data-created_by="avia_inline_auto" id="style-css-av-ltu605ez-67f69cc54185406bc085ba878c5c45f8">
#top .av-special-heading.av-ltu605ez-67f69cc54185406bc085ba878c5c45f8{
padding-bottom:25px;
}
body .av-special-heading.av-ltu605ez-67f69cc54185406bc085ba878c5c45f8 .av-special-heading-tag .heading-char{
font-size:25px;
}
.av-special-heading.av-ltu605ez-67f69cc54185406bc085ba878c5c45f8 .av-subheading{
font-size:15px;
}
</style>
<div  class='av-special-heading av-ltu605ez-67f69cc54185406bc085ba878c5c45f8 av-special-heading-h2 blockquote modern-quote modern-centered  avia-builder-el-1  el_before_av_one_full  avia-builder-el-first '><h2 class='av-special-heading-tag'  itemprop="headline"  >Hausordnung</h2><div class="special-heading-border"><div class="special-heading-inner-border"></div></div></div>
<div  class='flex_column av-av_one_full-516b7eac7a9c6cd1b746245801c7486c av_one_full  avia-builder-el-2  el_after_av_heading  avia-builder-el-last  first flex_column_div  '     ><section  class='av_textblock_section av-zgeq-a0718ba03213976d26cee148602954b9 '   itemscope="itemscope" itemtype="https://schema.org/CreativeWork" ><div class='avia_textblock'  itemprop="text" ><p>Liebe Gäste,</p>
<p>um Ihren Aufenthalt im Appartemet-Edeelweiss so angenehm wie möglich zu gestalten, bitten wir Sie, die nachfolgende Hausordnung zu beachten und an alle Mitreisenden weiterzugeben:</p>
<p><strong>Nachtruhe:</strong></p>
<ul>
<li>ab 22 Uhr ist in allen Zimmern die Zimmerlautstärke einzuhalten.</li>
<li>Beim Verlassen und Zurückkommen ins Appartementhaus ist nach 22 Uhr aus Rücksicht auf die anderen Gäste jeglicher Lärm zu vermeiden.</li>
<li>Das Appartement erwartet einen respektvollen Umgang mit anderen Gästen, Anwohnern und dem Personal.</li>
</ul>
<p><strong>Anreise/Abreise:</strong></p>
<ul>
<li>Das Zimmer steht am Anreisetag ab 14 Uhr zur Verfügung.</li>
<li>Bitte das Zimmer bis 10 Uhr räumen und den Schlüssel bei dem Hausmeister abgeben.</li>
<li>Eine Anreise vor 14Uhr bzw. nach 18 Uhr ist nur nach vorheriger Absprache möglich. Die Rezeption ist nicht durchgehend geöffnet.</li>
</ul>
<p><strong>Haustiere:</strong></p>
<ul>
<li>Haustiere sind nicht erlaubt.</li>
</ul>
<p><strong>Rauchen:</strong></p>
<ul>
<li>Das Rauchen ist im gesamten Hotel nicht erlaubt</li>
</ul>
<p><strong>Lift:</strong></p>
<ul>
<li>Die Fahrt im Lift mit Ski und Skischuhe ist verboten</li>
</ul>
<p><strong>Sauna:</strong></p>
<ul>
<li>Die Sauna ist Sonntag-Donnerstag 16:30-21:00 Uhr im Betrieb</li>
<li>Die Benutzung der Sauna steht grundsätzlich jedermann frei.</li>
<li>Es ist verboten in der Sauna zu essen und Alkohol zu trinken</li>
</ul>
<p><strong>Abfallsammlung:</strong></p>
<ul>
<li>Wir bitten Sie, den Abfall im Mülleimer getrennt zu sammeln, bzw. wenn es nötig ist, den Inhalt des inneren Mülleimers in die äußeren selektiven Mülltonnen zu leeren!</li>
</ul>
<p><strong>Wohnung:</strong></p>
<ul>
<li>Wir bitten Sie, das Appartement, seine Räumlichkeiten und Einrichtungsgegenstände bestimmungsgemäß zu benutzten!</li>
</ul>
<p>Bei Schaden, der in und um unser Haus angerichtet wird haftet der Mieter. Im Falle einer nicht bestimmungsgemäßen Benutzung (Beschädigung, übermäßige Verschmutzung, angehäufter Müll) wird die Kaution, oder ein Teil der Kaution zurückgehalten.</p>
<p>Vielen Dank für Ihre Aufmerksamkeit und die Beachtung dieser Hausordnung. Sollten Sie weitere Fragen zu Ihrem Aufenthalt haben, stehen wir Ihnen jederzeit gerne zur Verfügung.</p>
<p>Wir wünschen Ihnen einen angenehmen Aufenthalt!</p>
<p>Familie Treszner</p>
</div></section></div>

<!-- This site is optimized with the Yoast SEO Premium plugin v27.5 (Yoast SEO v27.5) - https://yoast.com/product/yoast-seo-premium-wordpress/ -->
<title>Hausordnung - Edelweiss Appartements</title>
<meta name="robots" content="index, follow, max-snippet:-1, max-image-preview:large, max-video-preview:-1" />
<link rel="canonical" href="https://www.appartement-edelweiss.at/de/hazirend/" />
<meta property="og:locale" content="de_DE" />
<meta property="og:type" content="article" />
<meta property="og:title" content="Hausordnung" />
<meta property="og:url" content="https://www.appartement-edelweiss.at/de/hazirend/" />
<meta property="og:site_name" content="Edelweiss Appartements" />
<meta property="article:publisher" content="https://www.facebook.com/EdelweissAppartement" />
<meta property="article:modified_time" content="2024-06-24T12:32:59+00:00" />
<meta name="twitter:card" content="summary_large_image" />
<meta name="twitter:label1" content="Geschätzte Lesezeit" />
	<meta name="twitter:data1" content="2 Minuten" />
<script type="application/ld+json" class="yoast-schema-graph">{"@context":"https:\/\/schema.org","@graph":[{"@type":"WebPage","@id":"https:\/\/www.appartement-edelweiss.at\/de\/hazirend\/","url":"https:\/\/www.appartement-edelweiss.at\/de\/hazirend\/","name":"Hausordnung - Edelweiss Appartements","isPartOf":{"@id":"https:\/\/www.appartement-edelweiss.at\/#website"},"datePublished":"2014-07-09T14:04:43+00:00","dateModified":"2024-06-24T12:32:59+00:00","breadcrumb":{"@id":"https:\/\/www.appartement-edelweiss.at\/de\/hazirend\/#breadcrumb"},"inLanguage":"de","potentialAction":[{"@type":"ReadAction","target":["https:\/\/www.appartement-edelweiss.at\/de\/hazirend\/"]}]},{"@type":"BreadcrumbList","@id":"https:\/\/www.appartement-edelweiss.at\/de\/hazirend\/#breadcrumb","itemListElement":[{"@type":"ListItem","position":1,"name":"Kezdőlap","item":"https:\/\/www.appartement-edelweiss.at\/de\/edelweiss-appartements\/"},{"@type":"ListItem","position":2,"name":"Hausordnung"}]},{"@type":"WebSite","@id":"https:\/\/www.appartement-edelweiss.at\/#website","url":"https:\/\/www.appartement-edelweiss.at\/","name":"Edelweiss Appartements","description":"","publisher":{"@id":"https:\/\/www.appartement-edelweiss.at\/#organization"},"potentialAction":[{"@type":"SearchAction","target":{"@type":"EntryPoint","urlTemplate":"https:\/\/www.appartement-edelweiss.at\/?s={search_term_string}"},"query-input":{"@type":"PropertyValueSpecification","valueRequired":true,"valueName":"search_term_string"}}],"inLanguage":"de"},{"@type":"Organization","@id":"https:\/\/www.appartement-edelweiss.at\/#organization","name":"Edelweiss Appartements","url":"https:\/\/www.appartement-edelweiss.at\/","logo":{"@type":"ImageObject","inLanguage":"de","@id":"https:\/\/www.appartement-edelweiss.at\/#\/schema\/logo\/image\/","url":"https:\/\/www.appartement-edelweiss.at\/wp-content\/uploads\/logo-1.svg","contentUrl":"https:\/\/www.appartement-edelweiss.at\/wp-content\/uploads\/logo-1.svg","width":1,"height":1,"caption":"Edelweiss Appartements"},"image":{"@id":"https:\/\/www.appartement-edelweiss.at\/#\/schema\/logo\/image\/"},"sameAs":["https:\/\/www.facebook.com\/EdelweissAppartement"]}]}</script>
<!-- / Yoast SEO Premium plugin. -->

Kezdőlap
